(1 - -1).
3, 5
List the prime factors of (145/25 - 5)*285.
2, 3, 19
Let r = -19 - 11. What are the prime factors of (r/4)/((-2)/4)?
3, 5
Let v = 75 - 25. What are the prime factors of v?
2, 5
Suppose -4*y + 3*t - 1 = 0, -y - y = -4*t + 8. Suppose -3*s + 8*s + y*q = 79, 5*s = q + 73. What are the prime factors of s?
3, 5
Let i = 7 + 0. Suppose -a = -i*a + 66. What are the prime factors of a?
11
Let v(j) = 2*j + 2. Let q be (2/3)/(2/(-6)). Let n be v(q). Let b(d) = -d**3 + d + 1. What are the prime factors of b(n)?
7
Let b(i) = -17*i**2 + 3*i + 3. Let n(f) = -25*f**2 + 5*f + 5. Let y(k) = -8*b(k) + 5*n(k). Let r be y(-1). Suppose z - 4 = r. What are the prime factors of z?
3, 5
Suppose 5*z - 2 = 238. What are the prime factors of z?
2, 3
Suppose 3*g = 6, 3 = -p + 5*g - 6. Suppose 5*n - 11 = -p, -5*x = -5*n. What are the prime factors of (15/(-3))/(x/(-4))?
2, 5
Let y(u) = -u**3 - 2*u**2 + 2*u. Let h be y(-3). Let z = h - 0. List the prime factors of z.
3
Let c(k) = -7*k + 20. Let b(g) = 7*g - 2 - 3*g - 8. Let j(t) = 5*b(t) + 3*c(t). List the prime factors of j(7).
3
Suppose -a = 5*y + 11, a - 5*y - 7 = 3*a. Let m = 14 + a. Let k = m - 6. What are the prime factors of k?
2, 3
What are the prime factors of (-14)/7 + 34/2?
3, 5
Let x = 4 + -3. Let b be x + 33/3 + 1. Let f = b - 3. What are the prime factors of f?
2, 5
Let g(r) be the first derivative of -r**3/3 - 2*r**2 - 3*r + 3. Let f be g(-2). List the prime factors of -1*(1*-10 + f).
3
Suppose 6*c = -5*c + 2244. List the prime factors of c.
2, 3, 17
Suppose 0*n + 160 = 5*n - 5*h, -h = 5*n - 154. Let i = 57 - n. Suppose -5*k + i + 59 = 0. List the prime factors of k.
17
Suppose 393 = 2*l - 3*g, 2*g - 4*g = l - 214. List the prime factors of l.
2, 3, 17
Let z(o) = 4*o**3 - o. Let g be z(1). Suppose g*k - 16 = 23. List the prime factors of k.
13
Suppose c - 5 = -3*i, 0*c - 2*c + 12 = 4*i. Let g = 14 - c. List the prime factors of g.
2, 3
Suppose 0 = -5*q + o + 41, 0*o - o = 2*q - 15. Suppose 4*h = -5*d - q, -h - 3*h + 5*d = -32. Suppose h*k - 28 = k. List the prime factors of k.
2, 7
Let p(x) be the second derivative of x**4/6 + 3*x**2/2 - 2*x. Let w be p(3). Let b = -12 + w. List the prime factors of b.
3
Suppose 4*v + 5 - 20 = q, 3*v + 5*q - 17 = 0. Suppose -v*y = 5 - 1. What are the prime factors of (-19)/(-1 + 0/y)?
19
Let j = -11 + 15. Suppose -j*v + 3*r = -40, 4*v - 3*r - 40 = -2*r. What are the prime factors of v?
2, 5
Suppose 2*n + 10 = 7*n. Suppose -5*u + 7 = -l - 9, u - l - 4 = 0. Suppose -n*t = u*t - 30. List the prime factors of t.
2, 3
Let h(s) = -s - 1. Let y be h(3). Let o = y + 10. What are the prime factors of 3/o - (-26)/4?
7
Suppose 4*w - 3*d = d + 700, -4*w = 3*d - 693. List the prime factors of w.
2, 3, 29
Let t(r) = r**3 + 5*r**2 - 8*r - 3. Let n be t(-6). Let k = -5 + n. List the prime factors of k.
2
Let u = 34 - 28. Suppose -n + 0*n = -4*i + 260, -4*i + 2*n + 260 = 0. Suppose -c = -u*c + i. List the prime factors of c.
13
Suppose -1 - 5 = -2*j + r, -2*j - 3*r = 2. Let z(q) = 7*q + 4 + 8*q**j + 2*q**3 + 2 - q**3. List the prime factors of z(-7).
2, 3
Suppose -2 = -0*h - 2*h, 5*a + 2*h + 13 = 0. What are the prime factors of (-1 - a)/(3/6)?
2
Let b(u) = -4*u - 5. Suppose -108 = -4*m + 4*c, -34 = -2*m + 5*c + 8. Suppose 3*q + 4*n + 19 = 0, 5*q + 4*n - 2 = -m. What are the prime factors of b(q)?
3, 5
Suppose -215 - 20 = -5*r. List the prime factors of r.
47
Let d(z) = 2*z**2 - 4. List the prime factors of d(-4).
2, 7
Let o = -1 + 4. Suppose 0 = -h + k - 3*k + 33, 0 = 5*h + 5*k - 165. What are the prime factors of h/(-9)*-1*o?
11
Suppose -4*g = k - 2*g - 2, 0 = -k - 5*g - 7. Suppose h - 19 + 6 = 2*q, -h = -q - k. Suppose 2*y + 0 = -d + 8, -h = -3*y. List the prime factors of d.
2, 3
Let a = -2 - -4. Let c = 5 + -1. What are the prime factors of ((-11)/c)/(a/(-8))?
11
Suppose k = -5*n + 70, 31 = 4*n - 5*k - 25. Suppose -d + 9 + n = 0. Suppose 2*c + 7 - d = 0. List the prime factors of c.
2
Let r(i) = 2*i + 29. What are the prime factors of r(0)?
29
Suppose -3*g = 3*l - 24, 0 = -2*g + 2*l - 5*l + 21. Suppose g*m + 40 = 4*s, 2*s - 16 - 22 = -3*m. List the prime factors of s.
13
Let b(t) = 7*t - 13. List the prime factors of b(4).
3, 5
Let d(c) = -9*c + 2. Let z be d(-7). Suppose 8*u - z = 3*u. List the prime factors of u.
13
List the prime factors of (2 + (1 - -58))/1.
61
Let b be 210/4 - 1/2. Suppose b = -5*s - 138. Let o = -18 - s. What are the prime factors of o?
2, 5
Let n(u) be the second derivative of 0 - 3*u + 3*u**2 - 11/6*u**3 - 1/12*u**4. List the prime factors of n(-10).
2
Let v(s) = -s**3 + 3*s**2 + 6*s - 2. Let k be v(6). Let t = -47 - k. What are the prime factors of t?
3
Let c = 55 + -98. Let s = c - -72. What are the prime factors of s?
29
What are the prime factors of (-4)/(-2 - 2) - -71?
2, 3
What are the prime factors of ((-6)/(-12))/(1/604)?
2, 151
Suppose k - 6*k = -4*t - 134, 124 = 4*k + t. Let y = k - 13. What are the prime factors of y?
17
Let l(d) = 8*d**2 - 4*d**3 + 5*d**3 + 4*d + 4*d + 2. What are the prime factors of l(-6)?
2, 13
Let q = -7 + 7. Suppose s = -q + 5. List the prime factors of s.
5
Suppose 0 = -0*q + 2*q + 12. Let f = -1 - q. List the prime factors of f.
5
Let h(r) = 3*r**2 + 6*r + 3. List the prime factors of h(-4).
3
Let a(r) = 4*r + 8*r**2 + 0*r**3 - 9 + 8*r - r**3. Let k be a(9). Suppose -k = -0*i - 2*i. What are the prime factors of i?
3
List the prime factors of 735/(-63)*(0 + 0 + -6).
2, 5, 7
Suppose 0 = 4*t + t - 15. Suppose -4*p - 137 = -5*a, 0 = p + t*a - 7 + 20. Let n = -19 - p. What are the prime factors of n?
3
Suppose 0*x = -5*x - 80. Let p = -11 - x. What are the prime factors of p?
5
Suppose 5*z - 54 = 86. Suppose q - z = 2*w - 0*w, -4*q + 5*w = -106. List the prime factors of q.
2, 3
Suppose -5*m + 72 = 2*c - m, 0 = -4*c + 5*m + 118. What are the prime factors of c?
2
Let z = 33 - 11. List the prime factors of z.
2, 11
Let t(u) = -2*u**3 + 2*u**2 + 2. Let v be t(2). Suppose -i + 15 = -3*o, o - 12 = -3*i - o. What are the prime factors of (-34)/v + i/(-9)?
5
Suppose 8 = 4*u - 4. Suppose 0 = u*j - j - 18. What are the prime factors of j?
3
Let n = -42 + 120. List the prime factors of n.
2, 3, 13
What are the prime factors of 3*2/(-12)*-20?
2, 5
Let c(y) = y**2 + y - 8. Suppose 4*a - 1 - 27 = 0. List the prime factors of c(a).
2, 3
What are the prime factors of (9*(-8)/(-30))/(4/290)?
2, 3, 29
Let b(q) = q**3 - 6*q**2 + 6*q - 2. Let p be b(5). Suppose 2*w + 20 = 5*t, -p*t + 4*t - 7 = w. List the prime factors of (2/w)/(1/(-35)).
2, 7
Suppose -2*k - 40 = -186. Suppose 3*v - k - 41 = 0. What are the prime factors of v?
2, 19
Suppose 0 = -10*y + 5*y + 160. Let p = y - 18. List the prime factors of p.
2, 7
Let o(h) = -25*h + 1. Let n be o(-3). Suppose 3*s - n = 2*p - 1, 4*p - 93 = -3*s. Let l = s - 17. List the prime factors of l.
2, 5
Let g(q) = -q**3 + q**2 + 2*q + 13. What are the prime factors of g(0)?
13
Suppose 8*z - 42 = 62. List the prime factors of z.
13
Suppose -2*r = -70 - 14. List the prime factors of r.
2, 3, 7
Let u = 6 - 12. Let w = 2 - u. List the prime factors of w.
2
Suppose 4*w + 0*w = 0. Suppose -l + w = 1. Let f(y) = -9*y**3 + y**2 + 2*y + 1. What are the prime factors of f(l)?
3
Suppose 7*c = 3*c + 300. What are the prime factors of c?
3, 5
Let z(y) = -y**3 + 8*y**2 - 5*y - 7. What are the prime factors of z(7)?
7
List the prime factors of 10*(-5)/(-20)*2.
5
Let t(u) = -4*u + 13. Let m be t(4). What are the prime factors of (m - (-4)/3)*-27?
3, 5
Suppose 90 = 8*s - 3*s. List the prime factors of s.
2, 3
Suppose 8 = 4*m + 32. Let t = -5 - m. Let z(h) = 9*h**2 + h - 1. What are the prime factors of z(t)?
3
Let i = 14 - 9. Suppose 5*k + 4*o + 8 = 53, i*o = 3*k - 27. What are the prime factors of k?
3
Suppose -g - 4*g + 125 = 0. Suppose 0 = -2*q + 3*q - g. What are the prime factors of q?
5
List the prime factors of (6 - (-275)/15) + 2/(-6).
2, 3
Let s = 15 + -27. Let u be 8/s - (-140)/(-6). Let z = u - -34. List the prime factors of z.
2, 5
Suppose 4*c = 8, -f - 5*c + 17 = 2. Suppose 3*i + f = 4*i. List the prime factors of i.
5
What are the prime factors of 43 - (-3)/9*-9?
2, 5
Let g(c) = -c**3 - 4*c**2 + 3*c - 7. Let v = -13 - -8. Let f be g(v). Suppose f*i = 29 - 5. List the prime factors of i.
2
Suppos